rivative of 0*l**2 - 6*l + 0 - 1/2*l**3. What is j(-2)?
6
Let p(q) = 13 - 7 + 9*q - 4 - 1. Determine p(-1).
-8
Let x(f) = 6*f**3 - 2*f**2 + f + 3. Let z(d) = -d**3 + 1. Let i(r) = x(r) - 3*z(r). What is i(1)?
8
Let s(f) = -11*f**2 + 2*f - 1. Suppose 4 = 2*i, 2*i = -4*y - 2*i - 76. Let b be y/(-27) + (-2)/(-9). What is s(b)?
-10
Let j be 70/22 + (-18)/99. Suppose 19 = -j*u + 7. Let x(g) = g**3 + 5*g**2 + 4*g. What is x(u)?
0
Let c(q) be the third derivative of -q**6/120 - q**5/15 - 5*q**4/24 - q**3/3 + q**2. Let n = 36 + -39. Give c(n).
4
Let r(w) = -5*w**2 + w - 1. Let p be r(1). Let s = 0 + p. Let v(j) = 3 - 6 + 0 - 2*j**2 + 4*j + j**3 + 8*j**2. Determine v(s).
2
Let w(l) be the second derivative of -l**5/20 + 5*l**4/12 - l**2 + 11*l. Let u(v) = -v**2 + v + 3. Let j be u(4). Let f = -4 - j. Determine w(f).
-2
Let o(j) = -4*j**3 - 4*j**2 - 10*j - 2. Let n(b) = 7*b**3 + 9*b**2 + 19*b + 4. Let i(y) = -3*n(y) - 5*o(y). Let q = -742 + 736. What is i(q)?
4
Let j(a) = 3*a**2 + a. Let m be j(1). Suppose -m*x = y - 2*x - 12, 5*y + 5*x = 40. Suppose -d = -y*d. Let k(h) = h. Determine k(d).
0
Let k(y) = y**2 - 5*y + 7. Let x be k(4). Let r(j) = -2*j**x - 4*j**3 + 7 - j - j**2 - 5 + 5*j**3. Calculate r(0).
2
Let x = 0 - -2. Let i(n) = -2*n + 1 - 4*n**2 - 2*n**2 + 4*n**x + 3*n**2 + 2*n**3. Calculate i(1).
2
Let t(n) be the second derivative of 0 - 5*n - n**3 + 5/2*n**2 + 1/12*n**4. Determine t(5).
0
Let m be (11 - 14)/(6/(-8)). Suppose -2*u + 3*u + 7 = 4*h, -4*h = 5*u - 13. Let d(s) = -s**3 + 2*s**3 + 9*s**2 - m - 3*s**h + 5*s. Calculate d(-4).
8
Let n(c) be the first derivative of c**6/24 - c**5/30 + c**4/12 - c**3/6 - c**2/2 - 1. Let w(j) be the second derivative of n(j). Determine w(1).
4
Let c(j) = -j**3 + 2. Let h be c(-2). Suppose -8*w - h = -3*w. Let i(n) = n**2 + n + 2. What is i(w)?
4
Let w(j) = 1 - 3*j - j**2 + 9 - 6. Let t(b) = b**2 - 8*b + 9. Let h be t(6). Give w(h).
4
Let s(f) be the second derivative of -f**7/2520 + f**6/120 + f**5/30 + 5*f**4/12 - f. Let y(o) be the third derivative of s(o). Give y(6).
4
Suppose -33 + 13 = 5*w. Let r(v) = -13*v + 0 + 20*v + 6 + 5*v**2 + v**3. What is r(w)?
-6
Suppose 2*y - 5*m = -37, 4*m + 1 = -y + 3*m. Let p(l) = l**3 + 5*l**2 - 9*l - 6. What is p(y)?
12
Let a(q) = -4*q - 6. Let c(n) = n**3 - 7*n**2 - 2*n + 7. Let j be c(7). Suppose 0 = -l + 2*d - 9, l - d + 0*d + 6 = 0. Let g = j - l. What is a(g)?
10
Let a(r) = r - 5. Suppose -2*l + p + 14 = 0, 4*l + 2*p + 13 = 5*l. Suppose l*q = -0*q + 40. What is a(q)?
3
Let x(w) = w - 15. Let g be -18*(26/(-39))/((-4)/(-3)). Calculate x(g).
-6
Let m(r) = -r**3 + 10*r**2 - r + 8. Let v be m(10). Let w(o) = 2*o**2 + 2*o + 1. What is w(v)?
5
Let f(x) = 6*x - x**2 + 0*x + 1 - 12*x. What is f(-5)?
6
Let c(a) = a - 8. Suppose -4*s + 1 = 2*f - 5, 4*f - 7 = -3*s. Let d(g) = 3*g**2 - 1. Let v be d(f). Suppose -3*m = -v*m. Determine c(m).
-8
Suppose 11*f = 6*f + 20. Let g(n) = n**3 - 4*n**2 + 3. Give g(f).
3
Let i(j) be the second derivative of j**4/12 + j**3 + 3*j**2/2 - j. Let m be 8/8*(-1 - 5). Let g be (25/15)/(2/m). What is i(g)?
-2
Suppose 2*a + 2*m - 3 = -a, 3*a = 2*m + 3. Let s(x) = -14*x**3 + 2*x**2 - 2*x + 1. Give s(a).
-13
Let f(a) be the second derivative of a - 1/20*a**5 + 0 + 0*a**3 + 1/12*a**4 - 3*a**2. Suppose -m = 2*m. Determine f(m).
-6
Let j(l) = 0*l - 5 - 7 - l. Give j(0).
-12
Suppose 0 = 2*j + 4 - 2. Let v(r) = 9*r**2 + 1. Calculate v(j).
10
Let p(q) = -q + 8. Let a(g) = -g - 1. Let j be a(9). Let u = -3 - j. What is p(u)?
1
Let j(f) = f**3 + 4*f**2 - f. Let s be j(-4). Let a(q) = s*q**2 - 4*q**2 - 3 - 2 + q**2 - 5*q. Determine a(6).
1
Suppose -j + 17 = -3*p, -5*j + 0*j - 5*p - 15 = 0. Let c(m) = -m**j + 4 + m**3 + m**2 - 7*m**2 + 5*m + m**2. Determine c(5).
4
Let d(v) = 4*v - 18. Let m(k) = 3*k - 12. Suppose -2*t - 20 = -6*t. Let i(p) = t*d(p) - 7*m(p). Let r be 0*(2/(-4) - 0). Give i(r).
-6
Let m(p) = -p - 20. Suppose -4*q - 7 + 7 = 0. What is m(q)?
-20
Let w(n) = -n**2 + 15*n - 12. Let t(h) = -h**2 - 15*h. Let a be t(-14). Let l be w(a). Let q(j) = 2*j - 2. Determine q(l).
2
Let r(p) = p**3 - 7*p**2 - p + 5. Let g = 23 + -16. What is r(g)?
-2
Let i(x) = 7*x**2 - x - 8. Let w(a) = -15*a**2 + a + 17. Let d(z) = 13*i(z) + 6*w(z). What is d(8)?
6
Let v(c) = -3*c - 4. Let o(d) = -15*d - 21. Let g(y) = -4*o(y) + 21*v(y). Suppose 3*h - 2 = -2*j, -3*j + 0*h + h = -3. Determine g(j).
-3
Let c = 18 + -14. Let x(d) = d**3 - 6*d**2 + 6*d - 3. Determine x(c).
-11
Let o(l) = -l + 1. Let h(b) = -2*b + 3. Let c(j) = h(j) - 3*o(j). Let y be -9 + 8 - (1 + -1). Determine c(y).
-1
Let z(q) = -4 + 5*q + 0 + 0 - 4*q. Calculate z(5).
1
Let x(q) = q**3 - q - 1. Let r(o) be the first derivative of -2 + 1/2*o**4 - 2*o - 3/2*o**2 - o**3. Let c(v) = r(v) - x(v). What is c(4)?
7
Let z(q) = -q**2 - 8*q + 4. Let i be (6/7)/((-102)/(-21) - 5). Give z(i).
16
Suppose -3*v + 2 = -7. Let a(c) = -11 + 0*c + 9 - c**v + c + c**2 + 0*c**2. Suppose -r + 0*r - 2*n = -2, -2*r = 2*n - 2. Determine a(r).
-2
Let p(z) be the first derivative of z**3/6 + 4*z - 5. Let t(d) be the first derivative of p(d). Let v = -9 + 14. Calculate t(v).
5
Let x be ((-39)/15 - -3)*-10. Let d(q) = -6*q - 3*q**2 + 2*q**2 + 8 - 8. What is d(x)?
8
Let l(n) = n. Let k(g) = 2*g**2 + 4*g - 3. Let h be k(2). Suppose 5*i - 6 - h = 3*t, 0 = -2*i + 10. What is l(t)?
2
Let r(s) be the third derivative of -s**4/24 + s**3/6 + 42*s**2. Determine r(0).
1
Let m(h) = h**2 + 8. Suppose 3*g = 3*p - 21, 4*p + p + 2*g = 28. Let o be (6/(-4))/((-1)/2). Suppose 0 = -b + p*b - o*i + 15, 2*b + 5*i = 25. Determine m(b).
8
Let h(r) = -2*r - 2*r + 3*r. Let u(g) = g**3 - 7*g**2 - 3. Suppose 0 = 2*c - 0 - 14. Let o be u(c). Calculate h(o).
3
Let r(y) be the second derivative of -y**4/24 + 7*y**3/6 + 3*y**2/2 - 3*y. Let s(f) be the first derivative of r(f). Determine s(4).
3
Suppose 20*r - 16 - 24 = 0. Let o(c) = -3*c**2 - 3*c - 3. Let h(t) = -4*t**2 - 4*t - 4. Let z(x) = -4*h(x) + 5*o(x). Determine z(r).
7
Let f(u) be the second derivative of -u**3/2 - u**2 + 2*u. Calculate f(-2).
4
Let i(o) be the first derivative of 3*o**2 + 1. Let d(a) = a**2 + 8*a - 10. Let b be d(-9). Give i(b).
-6
Let t be (15/6 + -2)*-6. Let o(z) = 2*z + 4 - z + 3*z + z. Determine o(t).
-11
Let f be 6/(-4)*20/(-45)*3. Let o(u) be the first derivative of 2 - 4*u + 1/3*u**3 + 2*u**f. Calculate o(-4).
-4
Let f be (-2)/3*6/(-4). Let a(l) = 2*l. Let s(d) = 3*d. Let r(w) = -4*a(w) + 3*s(w). Calculate r(f).
1
Suppose -3*g = -9 - 3. Suppose -2*k + 20 = -7*k, 0 = m - k - g. Suppose q + 7 = -4*a + 2*q, m = -q - 5. Let h(v) = 2*v + 2. Determine h(a).
-4
Let k(y) = 9*y**2 + 2*y - 23. Let m be (-6)/(-3) + -2 + 2. Let g(l) = m*l - 4 - 8 + 5*l**2 - l. Let x(c) = 11*g(c) - 6*k(c). What is x(0)?
6
Let c(t) = -t + 1. Suppose -2*k - 34 = -5*z, -3*k - 5*z - 2 = -1. Calculate c(k).
8
Let b(w) = -w**2 + 11*w + 17. Suppose 2*y + 9*y = 132. Calculate b(y).
5
Let w be (-4)/(-10) + 13/5. Suppose m + w*m = 0. Let t(v) = -v - 3*v**2 + 0*v + 2*v**2 + 2. Give t(m).
2
Let w(z) = -z**3 + 4*z**2 - z + 3. Let m(r) = r**2 - r + 1. Let f(a) = -2*m(a) + w(a). Let i be (-1)/2*-1*2. Let j = i + 2. Calculate f(j).
-5
Let t(z) be the second derivative of -z**5/4 + z**3/6 - 2*z. Let u be 3 + (2 - 0 - 4). Suppose -y - u = -0. Calculate t(y).
4
Let f(g) = 3*g. Let b be f(1). Let w(h) = 2 + 0*h + 9 - h - b. Suppose 0 = -5*x - 2*l, 0*x = -3*x + l. Determine w(x).
8
Let t(v) = -v**2 - v - 2. Let s(m) = m**2. Let p(a) = 2*s(a) + t(a). Calculate p(-2).
4
Let p(l) = 3*l - 1. Let f(m) = -m**2 - 5*m + 2. Let n(s) = -3*f(s) - 5*p(s). Suppose 9*y - 4*y = -5. Let k be n(y). Let c(w) = -2*w**2 - 1. What is c(k)?
-9
Let n(l) = -l - 1. Suppose -2*m + 3 + 5 = 0. Suppose m*q = 2*a - 20, -a + 4*q = -0*q - 16. Suppose 2 + a = 2*g. What is n(g)?
-4
Let v(s) be the first derivative of s**5/60 + s**4/4 - s**3 - s**2/2 - 2. Let m(k) be the second derivative of v(k). Give m(-7).
1
Let n(v) be the first derivative of 5*v**3/3 - v**2 - v - 17. What is n(2)?
15
Let v(h) = 0 - h**3 - h**2 - 2 + h + 1. Let d(j) = -j**3 - j**2 + j - 3. Let a(t) = -d(t) + 3*v(t). What is a(-2)?
4
Let f(t) = 3*t - 3. Let l be f(-1). Let o(i) = i + 2. What is o(l)?
-4
Let g(z) = 3*z + 3. Let p(j) = -j + 11. Let q be p(10). Suppose s - d = q, 4*s = -d + 6*d + 7.